{"id":9,"date":"2020-10-19T06:30:01","date_gmt":"2020-10-19T04:30:01","guid":{"rendered":"http:\/\/www.huiles-d-olive.net\/?page_id=9"},"modified":"2024-12-20T12:06:35","modified_gmt":"2024-12-20T11:06:35","slug":"blog","status":"publish","type":"page","link":"https:\/\/www.huiles-d-olive.net\/index.php\/blog\/","title":{"rendered":"L&rsquo;huile d&rsquo;olive"},"content":{"rendered":"\n<p>Mon huile d&rsquo;olive provient principalement d&rsquo;oliviers jeunes, de vari\u00e9t\u00e9 Koroneiki en AB (Agriculture Biologique certifi\u00e9e par Ecocert) situ\u00e9s en Balagne (Haute Corse) qui n&rsquo;ont re\u00e7u aucun pesticides ou produits phytosanitaires. <\/p>\n\n\n\n<p><br>L&rsquo;huile d&rsquo;olive est vierge extra, et issue d&rsquo;une premi\u00e8re pression \u00e0 froid. <\/p>\n\n\n\n<p>L&rsquo;huile est disponible en format 25cl, 50cl, 1 litre ou 3 litres.<\/p>\n\n\n\n<p>Des d\u00e9gustations sont possibles \u00e0 la boutique pour d\u00e9couvrir la saveur et les diff\u00e9rents ar\u00f4mes de cette huile d&rsquo;olive d&rsquo;exception. Des envois sont possibles si vous souhaitez recevoir l&rsquo;huile \u00e0 votre domicile. Les frais de port sont calcul\u00e9s en fonction du nombre de bouteilles et de votre lieu de r\u00e9sidence.<\/p>\n\n\n\n<p>Les tarifs :<\/p>\n\n\n\n<figure class=\"wp-block-table\"><table><tbody><tr><td><strong>Conditionnement<\/strong><\/td><td><strong>Tarif<\/strong><\/td><\/tr><tr><td>25 cl Huile d&rsquo;olive biologique de corse bouteille en verre<\/td><td>8 \u20ac<\/td><\/tr><tr><td>50 cl Huile d&rsquo;olive biologique de corse bouteille en verre<\/td><td>13 \u20ac<\/td><\/tr><tr><td>1 litre Huile d&rsquo;olive biologique de corse bouteille en verre<\/td><td>22 \u20ac<\/td><\/tr><tr><td>50 cl Huile d&rsquo;olive biologique de corse bidon m\u00e9tal<\/td><td>14 \u20ac<\/td><\/tr><tr><td>1 litre Huile d&rsquo;olive biologique de corse bidon m\u00e9tal<\/td><td>23 \u20ac<\/td><\/tr><tr><td>3 litres Huile d&rsquo;olive biologique de corse bidon m\u00e9tal<\/td><td>64 \u20ac<\/td><\/tr><\/tbody><\/table><\/figure>\n\n\n\n<p>Pour <a href=\"https:\/\/www.huiles-essentielles.biz\/9-huile-d-olive\">commander votre huile d&rsquo;olive biologique en ligne, cliquez ici !<\/a><\/p>\n\n\n\n<p><\/p>\n","protected":false},"excerpt":{"rendered":"<p>Mon huile d&rsquo;olive provient principalement d&rsquo;oliviers jeunes, de vari\u00e9t\u00e9 Koroneiki en AB (Agriculture Biologique certifi\u00e9e par Ecocert) situ\u00e9s en Balagne (Haute Corse) qui n&rsquo;ont re\u00e7u aucun pesticides ou produits phytosanitaires. L&rsquo;huile d&rsquo;olive est vierge extra, et issue d&rsquo;une premi\u00e8re pression \u00e0 froid. L&rsquo;huile est disponible en format 25cl, 50cl, 1 litre ou 3 litres. Des &hellip; <\/p>\n<p class=\"link-more\"><a href=\"https:\/\/www.huiles-d-olive.net\/index.php\/blog\/\" class=\"more-link\">Continuer la lecture<span class=\"screen-reader-text\"> de &laquo;&nbsp;L&rsquo;huile d&rsquo;olive&nbsp;&raquo;<\/span><\/a><\/p>\n","protected":false},"author":1,"featured_media":0,"parent":0,"menu_order":0,"comment_status":"closed","ping_status":"closed","template":"","meta":{"footnotes":""},"class_list":["post-9","page","type-page","status-publish","hentry"],"_links":{"self":[{"href":"https:\/\/www.huiles-d-olive.net\/index.php\/wp-json\/wp\/v2\/pages\/9","targetHints":{"allow":["GET"]}}],"collection":[{"href":"https:\/\/www.huiles-d-olive.net\/index.php\/wp-json\/wp\/v2\/pages"}],"about":[{"href":"https:\/\/www.huiles-d-olive.net\/index.php\/wp-json\/wp\/v2\/types\/page"}],"author":[{"embeddable":true,"href":"https:\/\/www.huiles-d-olive.net\/index.php\/wp-json\/wp\/v2\/users\/1"}],"replies":[{"embeddable":true,"href":"https:\/\/www.huiles-d-olive.net\/index.php\/wp-json\/wp\/v2\/comments?post=9"}],"version-history":[{"count":9,"href":"https:\/\/www.huiles-d-olive.net\/index.php\/wp-json\/wp\/v2\/pages\/9\/revisions"}],"predecessor-version":[{"id":84,"href":"https:\/\/www.huiles-d-olive.net\/index.php\/wp-json\/wp\/v2\/pages\/9\/revisions\/84"}],"wp:attachment":[{"href":"https:\/\/www.huiles-d-olive.net\/index.php\/wp-json\/wp\/v2\/media?parent=9"}],"curies":[{"name":"wp","href":"https:\/\/api.w.org\/{rel}","templated":true}]}}