{"id":14,"date":"2020-10-19T06:30:01","date_gmt":"2020-10-19T04:30:01","guid":{"rendered":"http:\/\/www.huiles-d-olive.net\/?page_id=14"},"modified":"2020-12-11T10:05:09","modified_gmt":"2020-12-11T09:05:09","slug":"accueil","status":"publish","type":"page","link":"https:\/\/www.huiles-d-olive.net\/","title":{"rendered":"Oliviers en culture Bio en Balagne &#8211; Occhiatana, Ville Di Paraso"},"content":{"rendered":"\n<p>Si vous recherchez une huile d&rsquo;olive certifi\u00e9e Agriculture Biologique ( Bio , AB), issue d&rsquo;oliviers plant\u00e9s en Corse,  et dont les olives ont \u00e9t\u00e9 tritur\u00e9s en Corse, plus pr\u00e9cis\u00e9ment en Balagne, vous \u00eates au bon endroit !<\/p>\n\n\n\n<figure class=\"wp-block-image size-large\"><img loading=\"lazy\" decoding=\"async\" width=\"700\" height=\"150\" src=\"https:\/\/www.huiles-d-olive.net\/wp-content\/uploads\/2020\/12\/LabelBio_n3.jpg\" alt=\"\" class=\"wp-image-63\" srcset=\"https:\/\/www.huiles-d-olive.net\/wp-content\/uploads\/2020\/12\/LabelBio_n3.jpg 700w, https:\/\/www.huiles-d-olive.net\/wp-content\/uploads\/2020\/12\/LabelBio_n3-300x64.jpg 300w\" sizes=\"auto, (max-width: 700px) 100vw, 700px\" \/><\/figure>\n","protected":false},"excerpt":{"rendered":"<p>Si vous recherchez une huile d&rsquo;olive certifi\u00e9e Agriculture Biologique ( Bio , AB), issue d&rsquo;oliviers plant\u00e9s en Corse, et dont les olives ont \u00e9t\u00e9 tritur\u00e9s en Corse, plus pr\u00e9cis\u00e9ment en Balagne, vous \u00eates au bon endroit !<\/p>\n","protected":false},"author":1,"featured_media":0,"parent":0,"menu_order":0,"comment_status":"closed","ping_status":"closed","template":"","meta":{"footnotes":""},"class_list":["post-14","page","type-page","status-publish","hentry"],"_links":{"self":[{"href":"https:\/\/www.huiles-d-olive.net\/index.php\/wp-json\/wp\/v2\/pages\/14","targetHints":{"allow":["GET"]}}],"collection":[{"href":"https:\/\/www.huiles-d-olive.net\/index.php\/wp-json\/wp\/v2\/pages"}],"about":[{"href":"https:\/\/www.huiles-d-olive.net\/index.php\/wp-json\/wp\/v2\/types\/page"}],"author":[{"embeddable":true,"href":"https:\/\/www.huiles-d-olive.net\/index.php\/wp-json\/wp\/v2\/users\/1"}],"replies":[{"embeddable":true,"href":"https:\/\/www.huiles-d-olive.net\/index.php\/wp-json\/wp\/v2\/comments?post=14"}],"version-history":[{"count":3,"href":"https:\/\/www.huiles-d-olive.net\/index.php\/wp-json\/wp\/v2\/pages\/14\/revisions"}],"predecessor-version":[{"id":64,"href":"https:\/\/www.huiles-d-olive.net\/index.php\/wp-json\/wp\/v2\/pages\/14\/revisions\/64"}],"wp:attachment":[{"href":"https:\/\/www.huiles-d-olive.net\/index.php\/wp-json\/wp\/v2\/media?parent=14"}],"curies":[{"name":"wp","href":"https:\/\/api.w.org\/{rel}","templated":true}]}}